[INFO] fetching crate imfile 0.1.0...
[INFO] checking imfile-0.1.0 against master#e6e4f7ed1589e03bc2f6c5931c1a72e7947e8682 for beta-170-4
[INFO] extracting crate imfile 0.1.0 into /workspace/builds/worker-7-tc2/source
[INFO] validating manifest of crates.io crate imfile 0.1.0 on toolchain e6e4f7ed1589e03bc2f6c5931c1a72e7947e8682
[INFO] running `Command { std: CARGO_HOME="/workspace/cargo-home" RUSTUP_HOME="/workspace/rustup-home" "/workspace/cargo-home/bin/cargo" "+e6e4f7ed1589e03bc2f6c5931c1a72e7947e8682" "metadata" "--manifest-path" "Cargo.toml" "--no-deps", kill_on_drop: false }`
[INFO] started tweaking crates.io crate imfile 0.1.0
[INFO] finished tweaking crates.io crate imfile 0.1.0
[INFO] tweaked toml for crates.io crate imfile 0.1.0 written to /workspace/builds/worker-7-tc2/source/Cargo.toml
[INFO] crate crates.io crate imfile 0.1.0 already has a lockfile, it will not be regenerated
[INFO] running `Command { std: CARGO_HOME="/workspace/cargo-home" RUSTUP_HOME="/workspace/rustup-home" "/workspace/cargo-home/bin/cargo" "+e6e4f7ed1589e03bc2f6c5931c1a72e7947e8682" "fetch" "--manifest-path" "Cargo.toml", kill_on_drop: false }`
[INFO] running `Command { std: "docker" "create" "-v" "/var/lib/crater-agent-workspace/builds/worker-7-tc2/target:/opt/rustwide/target:rw,Z" "-v" "/var/lib/crater-agent-workspace/builds/worker-7-tc2/source:/opt/rustwide/workdir:ro,Z" "-v" "/var/lib/crater-agent-workspace/cargo-home:/opt/rustwide/cargo-home:ro,Z" "-v" "/var/lib/crater-agent-workspace/rustup-home:/opt/rustwide/rustup-home:ro,Z" "-e" "SOURCE_DIR=/opt/rustwide/workdir" "-e" "CARGO_TARGET_DIR=/opt/rustwide/target" "-e" "CARGO_HOME=/opt/rustwide/cargo-home" "-e" "RUSTUP_HOME=/opt/rustwide/rustup-home" "-w" "/opt/rustwide/workdir" "-m" "1610612736" "--user" "0:0" "--network" "none" "ghcr.io/rust-lang/crates-build-env/linux@sha256:19e73879b68f455e41552ea35293514db52ea292d993f571636dbffedb77a1ee" "/opt/rustwide/cargo-home/bin/cargo" "+e6e4f7ed1589e03bc2f6c5931c1a72e7947e8682" "metadata" "--no-deps" "--format-version=1", kill_on_drop: false }`
[INFO] [stdout] 6ef7e97a33391c58ad0fc4fbfd3b17f0cf091980260f063f6db7c28e80617302
[INFO] running `Command { std: "docker" "start" "-a" "6ef7e97a33391c58ad0fc4fbfd3b17f0cf091980260f063f6db7c28e80617302", kill_on_drop: false }`
[INFO] running `Command { std: "docker" "inspect" "6ef7e97a33391c58ad0fc4fbfd3b17f0cf091980260f063f6db7c28e80617302", kill_on_drop: false }`
[INFO] running `Command { std: "docker" "rm" "-f" "6ef7e97a33391c58ad0fc4fbfd3b17f0cf091980260f063f6db7c28e80617302", kill_on_drop: false }`
[INFO] [stdout] 6ef7e97a33391c58ad0fc4fbfd3b17f0cf091980260f063f6db7c28e80617302
[INFO] running `Command { std: "docker" "create" "-v" "/var/lib/crater-agent-workspace/builds/worker-7-tc2/target:/opt/rustwide/target:rw,Z" "-v" "/var/lib/crater-agent-workspace/builds/worker-7-tc2/source:/opt/rustwide/workdir:ro,Z" "-v" "/var/lib/crater-agent-workspace/cargo-home:/opt/rustwide/cargo-home:ro,Z" "-v" "/var/lib/crater-agent-workspace/rustup-home:/opt/rustwide/rustup-home:ro,Z" "-e" "SOURCE_DIR=/opt/rustwide/workdir" "-e" "CARGO_TARGET_DIR=/opt/rustwide/target" "-e" "CARGO_INCREMENTAL=0" "-e" "RUST_BACKTRACE=full" "-e" "RUSTFLAGS=--cap-lints=forbid" "-e" "RUSTDOCFLAGS=--cap-lints=forbid" "-e" "CARGO_HOME=/opt/rustwide/cargo-home" "-e" "RUSTUP_HOME=/opt/rustwide/rustup-home" "-w" "/opt/rustwide/workdir" "-m" "1610612736" "--user" "0:0" "--network" "none" "ghcr.io/rust-lang/crates-build-env/linux@sha256:19e73879b68f455e41552ea35293514db52ea292d993f571636dbffedb77a1ee" "/opt/rustwide/cargo-home/bin/cargo" "+e6e4f7ed1589e03bc2f6c5931c1a72e7947e8682" "check" "--frozen" "--all" "--all-targets" "--message-format=json", kill_on_drop: false }`
[INFO] [stdout] fc607a1f88367cf595e36084fad7b0cd4875ddfaf311555eac3356387196ff35
[INFO] running `Command { std: "docker" "start" "-a" "fc607a1f88367cf595e36084fad7b0cd4875ddfaf311555eac3356387196ff35", kill_on_drop: false }`
[INFO] [stderr]    Compiling libc v0.2.142
[INFO] [stderr]    Compiling cmake v0.1.50
[INFO] [stderr]     Checking bytemuck v1.13.1
[INFO] [stderr]    Compiling servo-fontconfig-sys v5.1.0
[INFO] [stderr]     Checking simd-adler32 v0.3.5
[INFO] [stderr]    Compiling syn v2.0.15
[INFO] [stderr]    Compiling wayland-scanner v0.29.5
[INFO] [stderr]     Checking raw-window-handle v0.5.2
[INFO] [stderr]    Compiling crossfont v0.5.1
[INFO] [stderr]     Checking foreign-types-shared v0.3.1
[INFO] [stderr]     Checking spirv v0.2.0+1.5.4
[INFO] [stderr]    Compiling imgui-sys v0.11.0
[INFO] [stderr]     Checking chlorine v1.0.10
[INFO] [stderr]     Checking cty v0.2.2
[INFO] [stderr]    Compiling rustix v0.37.15
[INFO] [stderr]     Checking profiling v1.0.8
[INFO] [stderr]     Checking linux-raw-sys v0.3.4
[INFO] [stderr]     Checking raw-window-handle v0.4.3
[INFO] [stderr]     Checking regex-syntax v0.7.1
[INFO] [stderr]     Checking pollster v0.2.5
[INFO] [stderr]     Checking miniz_oxide v0.7.1
[INFO] [stderr]     Checking fdeflate v0.3.0
[INFO] [stderr]     Checking error-iter v0.4.1
[INFO] [stderr]     Checking tiny-skia-path v0.7.0
[INFO] [stderr]     Checking safe_arch v0.5.2
[INFO] [stderr]     Checking safe_arch v0.6.0
[INFO] [stderr]    Compiling freetype-sys v0.13.1
[INFO] [stderr]    Compiling expat-sys v2.1.6
[INFO] [stderr]     Checking png v0.17.8
[INFO] [stderr]     Checking wide v0.7.8
[INFO] [stderr]    Compiling wayland-client v0.29.5
[INFO] [stderr]    Compiling wayland-protocols v0.29.5
[INFO] [stderr]     Checking regex v1.8.1
[INFO] [stderr]     Checking tiny-skia v0.7.0
[INFO] [stderr]     Checking parking_lot_core v0.9.7
[INFO] [stderr]     Checking getrandom v0.2.9
[INFO] [stderr]     Checking nix v0.24.3
[INFO] [stderr]     Checking nix v0.25.1
[INFO] [stderr]     Checking memmap2 v0.5.10
[INFO] [stderr]     Checking khronos-egl v4.1.0
[INFO] [stderr]     Checking mio v0.8.6
[INFO] [stderr]     Checking io-lifetimes v1.0.10
[INFO] [stderr]     Checking x11-dl v2.21.0
[INFO] [stderr]     Checking ahash v0.7.6
[INFO] [stderr]     Checking parking_lot v0.12.1
[INFO] [stderr]     Checking freetype-rs v0.26.0
[INFO] [stderr]     Checking hashbrown v0.12.3
[INFO] [stderr]     Checking servo-fontconfig v0.5.1
[INFO] [stderr]     Checking ultraviolet v0.9.1
[INFO] [stderr]     Checking indexmap v1.9.3
[INFO] [stderr]     Checking gpu-descriptor v0.2.3
[INFO] [stderr]     Checking is-terminal v0.4.7
[INFO] [stderr]     Checking env_logger v0.10.0
[INFO] [stderr]     Checking wayland-commons v0.29.5
[INFO] [stderr]    Compiling thiserror-impl v1.0.40
[INFO] [stderr]    Compiling foreign-types-macros v0.2.3
[INFO] [stderr]     Checking foreign-types v0.5.0
[INFO] [stderr]     Checking thiserror v1.0.40
[INFO] [stderr]     Checking calloop v0.10.5
[INFO] [stderr]     Checking naga v0.11.0
[INFO] [stderr]     Checking wayland-cursor v0.29.5
[INFO] [stderr]     Checking imgui v0.11.0
[INFO] [stderr]     Checking wgpu-hal v0.15.4
[INFO] [stderr]     Checking imfile v0.1.0 (/opt/rustwide/workdir)
[INFO] [stderr]     Checking smithay-client-toolkit v0.16.0
[INFO] [stderr]     Checking wgpu-core v0.15.1
[INFO] [stderr]     Checking sctk-adwaita v0.4.3
[INFO] [stderr]     Checking winit v0.27.5
[INFO] [stderr]     Checking imgui-winit-support v0.11.0
[INFO] [stderr]     Checking winit_input_helper v0.13.0
[INFO] [stderr]     Checking wgpu v0.15.1
[INFO] [stderr]     Checking pixels v0.12.1
[INFO] [stdout] error[E0433]: failed to resolve: use of undeclared crate or module `imgui_wgpu`
[INFO] [stdout]   --> examples/basic.rs:57:24
[INFO] [stdout]    |
[INFO] [stdout] 57 |         let renderer = imgui_wgpu::Renderer::new(&mut imgui, device, queue, config);
[INFO] [stdout]    |                        ^^^^^^^^^^ use of undeclared crate or module `imgui_wgpu`
[INFO] [stdout] 
[INFO] [stdout] 
[INFO] [stdout] error[E0433]: failed to resolve: use of undeclared crate or module `imgui_wgpu`
[INFO] [stdout]   --> examples/basic.rs:14:15
[INFO] [stdout]    |
[INFO] [stdout] 14 |     renderer: imgui_wgpu::Renderer,
[INFO] [stdout]    |               ^^^^^^^^^^ use of undeclared crate or module `imgui_wgpu`
[INFO] [stdout] 
[INFO] [stdout] 
[INFO] [stdout] error[E0433]: failed to resolve: use of undeclared crate or module `imgui_wgpu`
[INFO] [stdout]   --> examples/basic.rs:53:22
[INFO] [stdout]    |
[INFO] [stdout] 53 |         let config = imgui_wgpu::RendererConfig {
[INFO] [stdout]    |                      ^^^^^^^^^^ use of undeclared crate or module `imgui_wgpu`
[INFO] [stdout] 
[INFO] [stdout] 
[INFO] [stdout] error[E0433]: failed to resolve: use of undeclared crate or module `imgui_wgpu`
[INFO] [stdout]   --> examples/basic.rs:89:10
[INFO] [stdout]    |
[INFO] [stdout] 89 |     ) -> imgui_wgpu::RendererResult<()> {
[INFO] [stdout]    |          ^^^^^^^^^^ use of undeclared crate or module `imgui_wgpu`
[INFO] [stdout] 
[INFO] [stdout] 
[INFO] [stdout] error: aborting due to 4 previous errors
[INFO] [stdout] 
[INFO] [stdout] 
[INFO] [stdout] For more information about this error, try `rustc --explain E0433`.
[INFO] [stdout] 
[INFO] [stderr] error: could not compile `imfile` (example "basic") due to 5 previous errors
[INFO] running `Command { std: "docker" "inspect" "fc607a1f88367cf595e36084fad7b0cd4875ddfaf311555eac3356387196ff35", kill_on_drop: false }`
[INFO] running `Command { std: "docker" "rm" "-f" "fc607a1f88367cf595e36084fad7b0cd4875ddfaf311555eac3356387196ff35", kill_on_drop: false }`
[INFO] [stdout] fc607a1f88367cf595e36084fad7b0cd4875ddfaf311555eac3356387196ff35
